Let o(g) = -g**3 + g**2 + g + 1. Let s(p) = k(p) - 5*o(p). What is the tens digit of s(0)?
8
Let k = 2269 - 1617. Let v = k + -249. What is the hundreds digit of v?
4
Let q(t) = -21*t - 38 + 28*t - 18*t. What is the tens digit of q(-15)?
2
Let y(f) = 9*f**2 - 38*f - 138. What is the units digit of y(-28)?
2
Suppose -16*q + 60 = -20*q. What is the hundreds digit of q/3 + 428 + 14?
4
Let k = -43 + 32. Let t(l) = 6*l**2 + 10*l - 12. What is the hundreds digit of t(k)?
6
Suppose 3*b - 76*m - 60732 = -79*m, -b = 2*m - 20239. What is the units digit of b?
9
Suppose -2*b + 49960 = -178*z + 173*z, -5*z - 24960 = -b. What is the ten thousands digit of b?
2
Suppose -2905*n + 2908*n - 58059 = 0. What is the tens digit of n?
5
Let h be ((-4 - -2)/4)/(5/(-70)). Let s(j) = 7*j + 3. Let y(d) = 6*d + 3. Let q(x) = -5*s(x) + 6*y(x). What is the units digit of q(h)?
0
Suppose -3*g + 3*q + 2553 = -16302, g = -4*q + 6270. What is the thousands digit of g?
6
Let b be -1 - ((-5 + 1 - 1) + 0). Suppose -2*t = -t - b*l - 8, 2*t - 2*l = 10. Let u(z) = 2*z**3 + 3*z**2 - z + 5. What is the tens digit of u(t)?
7
Suppose -38763 = -45*l + 24822. What is the hundreds digit of l?
4
Let x(f) = -111 - 44*f + 17*f + 13*f + 9*f + 10*f. What is the units digit of x(26)?
9
Let t = 19744 - -20870. What is the units digit of t?
4
Suppose 22*v + j = 18*v + 97945, 0 = 2*v - 8*j - 49032. What is the thousands digit of v?
4
Let r(j) be the second derivative of 5*j**4 - 3*j**2 - 38*j. What is the hundreds digit of r(-2)?
2
Suppose -8880 = 3*d - 6*d + 3*f, 0 = -2*d - 5*f + 5934. What is the units digit of d?
2
Let h = -964 + 1612. Suppose -4*u + 0*w + h = 4*w, 3*u - 4*w = 465. Let i = u - 74. What is the tens digit of i?
8
Let n be (4/(-1))/(66/12 + -6). Let k be 6*(36/n)/9. Let h(v) = 4*v**3 + 2*v**2 - 4*v + 2. What is the units digit of h(k)?
6
Let o = 104 + -34. Let g = 298 - o. What is the hundreds digit of g?
2
Let x(i) = 52*i**3 - i**2. Let n be (-180)/(-9)*(-1 - 0). Let s = 21 + n. What is the tens digit of x(s)?
5
Let w = -55 - -58. Suppose -4*n - w*k + 3651 = 0, -k + 3*k = 2*n - 1822. What is the hundreds digit of n?
9
Let h(a) = -22*a + 7. Let d be (8/(-4))/(1 + 10/(-8)). Suppose d = -3*r - 1. What is the units digit of h(r)?
3
Let c = -139 + 128. Let n(f) = -f**2 - 18*f + 11. What is the units digit of n(c)?
8
Suppose 0 = -2*m + 5*p + 34, -2*p + 36 = 4*m - 4*p. Suppose -k = m*k - 2208. What is the units digit of k?
6
Suppose 214*n = 1250397 - 571239 + 557548. What is the hundreds digit of n?
7
Suppose 4*r = -2*y + 14, -r = r - 3*y + 5. Suppose -3 = 5*o + r. What is the tens digit of (-1)/1 - 252/(o - 1)?
2
Let i be (-372)/(-27) - 4*2/(-36). Let t(v) = -23*v - 29. Let b be t(i). Let q = -204 - b. What is the tens digit of q?
4
Let w(l) = -6*l - 3. Let b be w(-3). Suppose k - b = 2*q, 4*q + 2 = 3*q. Suppose -5*x = t - 336, -4*t - k = -x + 52. What is the units digit of x?
7
Let l(v) = -3*v**2 - 10*v - 46. Let r be l(-29). Let a = -1610 - r. What is the hundreds digit of a?
6
Suppose 4*v + 3170 = 5*i, -4*i - 5*v = -2646 + 151. Let o be 7/(63/66) + (-20)/(-30). Suppose o*q = 2*q + i. What is the units digit of q?
5
Let u(w) = 3*w**3 - 4*w**2 + 32*w - 78. What is the thousands digit of u(10)?
2
Let q(t) = -44*t - 17 - 24*t**2 + 5*t**2 + 18*t**2 + 5*t**2. What is the hundreds digit of q(-10)?
8
Suppose 0*n = 2*n + 4*n. Let q be ((-8)/1 - n)/(18 - 19). What is the tens digit of 1 + 9/(-12) - (-702)/q?
8
Let o(l) be the second derivative of l**4/12 - 4*l**3 - l**2 - 7*l. What is the tens digit of o(25)?
2
Suppose -20*t + 51246 = -11*t. Suppose -t - 5058 = -24*l. What is the tens digit of l?
4
Let m = 14507 - 6019. What is the tens digit of m?
8
Let l = 35 + -34. What is the hundreds digit of (1240 - (l - -2))/1?
2
Let w(t) = 926*t**2 + 2*t. Let z be w(1). Suppose z = 2*b - 3*i - 2*i, -4*b = -3*i - 1870. What is the hundreds digit of b?
4
Let j be (3 - (-2)/2)/(24/36). Suppose -j*z + z = -3*v - 1591, 4*z - 5*v - 1265 = 0. What is the tens digit of z?
2
Suppose -206*h + 218*h = -108. What is the units digit of 498/h*(-84)/8?
1
Let m(c) = 307*c - 766. What is the tens digit of m(10)?
0
Let l(j) = -j**3 - 4*j**2 - 7*j - 2. Let b be l(-6). Suppose 32*y + 20*y = 780. Suppose 3*a = -y, -119 = -2*n - a + b. What is the hundreds digit of n?
1
Suppose -36 = 5*m - 91. Let u(a) = a - 7. Let d be u(m). What is the units digit of -15*(-20)/12 + (d - 4)?
5
Let s(l) = -51*l**3 - 2*l**2 - 69*l - 5. What is the thousands digit of s(-7)?
7
Suppose 2*n = -3*n + 4*d + 19635, 3*n - 11781 = -5*d. What is the hundreds digit of n?
9
Suppose 2*h - 4*g - 12 = 5*h, 20 = -5*h - g. What is the units digit of (510 - -3) + -1 + (-5 - h)?
1
Let j(x) = 3*x + 42. Let g be j(-19). Let k(a) = a**3 + 15*a**2 + a + 14. Let w be k(g). What is the units digit of 1 + 0/(6/(-3)*w)?
1
What is the hundreds digit of (-294955)/(-250)*5 - -7*2/(-140)?
8
Let q(l) be the first derivative of l**6/90 - l**5/120 - 5*l**4/12 + 32*l**3/3 + 12. Let y(s) be the third derivative of q(s). What is the units digit of y(-5)?
5
Suppose -24*i + 120 = -26*i. Let c = 85 + i. What is the tens digit of c?
2
Let i = 4646 - 3742. What is the hundreds digit of i?
9
Let o = 7445 + -3639. Let y = o - 2351. What is the hundreds digit of y?
4
Let w(i) = 305*i**2 - 67*i - 805. What is the tens digit of w(-9)?
0
Let u(d) = 15*d + 259. Let a be u(-17). What is the tens digit of 0 + -8 + a - -1088 - -3?
8
Suppose 988590 + 3182917 = 165*n + 16*n. What is the ten thousands digit of n?
2
Suppose -343*l + 10169593 + 5825161 = 3487602. What is the tens digit of l?
6
Suppose -m + 7 - 1 = 0. Let k be 1/(-2)*(-3)/m*0. Suppose k = v - 12 + 9. What is the units digit of v?
3
Suppose 4*b - 4*i = 10 + 14, 5*b - 18 = i. Suppose -10*p + 287 = -b*p. What is the units digit of p?
1
Let m(t) = -t**3 + 5*t**2 + 2*t - 16. Let l(x) = -2*x**3 + 9*x**2 + 4*x - 32. Let f(z) = -2*l(z) + 5*m(z). What is the tens digit of f(6)?
3
Let r be 32/40 + (-39)/5. Let n be (-2)/(r/((-140)/8)). What is the units digit of -190*(4/(-10))/((-4)/n)?
5
Let l(y) = -y**2 + 92*y - 1034. What is the tens digit of l(58)?
3
Let v(i) = 8212*i - 5902. What is the hundreds digit of v(9)?
0
Let v = 43407 - 11463. What is the thousands digit of v?
1
Let s = 41430 + -11420. What is the ten thousands digit of s?
3
Let v be (2 + -1)*-1 + -1. Let x(j) = 2*j + 10. Let f be x(v). Suppose -f = -4*p + p, 3*p - 90 = -2*b. What is the tens digit of b?
4
Let d be 0*(-1 - (-4)/3). Suppose -5*u - 2*i + 3*i + 2955 = 0, d = 2*u - 2*i - 1190. What is the units digit of u?
0
Let b(v) be the first derivative of 0*v - 1/2*v**2 + 15 + 35/3*v**3. What is the units digit of b(1)?
4
Let g(n) be the third derivative of -43/24*n**4 + 0*n - 1 + 1/3*n**3 + 4*n**2. What is the units digit of g(-2)?
8
Let i = 14547 - 3225. What is the units digit of i?
2
Let v = 56104 + -34799. What is the thousands digit of v?
1
What is the tens digit of (-4)/6 - 2*(-75761)/42?
0
Let k be (-6)/(-1*(-1)/8). Let i = k - 64. Let c = i - -186. What is the tens digit of c?
7
Let r(t) = 181*t - 38. Let l be r(-4). Let u = 1367 + l. What is the units digit of u?
5
Suppose -7 = 2*n - 2*w - 9, n - 5*w = -11. Suppose 5*l = n*d + 697 - 233, -l + 87 = 5*d. What is the tens digit of l?
9
Let a = -241 + 298. Let g = 116 - a. What is the units digit of g?
9
Let w = -5 + 4. Let n(z) = -27*z + 2. Let r(d) = -d. Let j(p) = n(p) - 4*r(p). What is the units digit of j(w)?
5
Suppose 2*k - 5 = -3*j, -4*k = -4*j + 5*j + 5. Suppose -j*z = 10 - 25, -4*q - z + 1717 = 0. What is the units digit of q?
8
Let v(u) = 11*u**3 + 13*u**2 - 46*u + 743. What is the tens digit of v(13)?
0
Suppose 0 = -9*n - 36 + 117. Suppose -88 = n*y - 5380. What is the tens digit of y?
8
Suppose 0 = 95*s - 37*s + 40*s - 2756740. What is the tens digit of s?
3
Let i(x) = 636*x**2 + 13*x - 14. What is the tens digit of i(1)?
3
Let b be 33/55 - (-264)/10. Suppose -b*o = 3349 - 23248. What is the hundreds digit of o?
7
Suppose -4*i = 6*i - 20. Let y(c) = 9 + 0*c**i + 4*c**2 + 17*c - 10*c**2 + 5*c**2. What is the units digit of y(17)?
9
Let b(h) = h**2 - 27*h - 55. Let k be b(29). Suppose -6*g + 1347 = -k*g - 3*d, 0 = -d. What is the units digit of g?
9
Let y(k) = 22 - 2196*k + 1215*k + 1130*k. What is the ten